{"id":54,"date":"2016-04-15T08:57:54","date_gmt":"2016-04-15T08:57:54","guid":{"rendered":"http:\/\/zgp.de\/?page_id=54"},"modified":"2016-04-15T08:57:54","modified_gmt":"2016-04-15T08:57:54","slug":"54-2","status":"publish","type":"page","link":"https:\/\/leistung-ist-kopfsache.biz\/?page_id=54","title":{"rendered":""},"content":{"rendered":"<h2>Philosophie<\/h2>\n<p>Jetzt kommt die Philosophie des Rennsports. Nein, im Ernst. Hinter allem, was man tut, gibt es etwas, was einen antreibt, was einem wichtig ist und den eigenen Werten entspricht. Ich finde es wichtig, dass Sie als potenzielle Kunden wissen, welche Werte ich im Motorsport mit meiner Arbeit verbinde.<\/p>\n<p>Der Umgang mit Erfolg und Misserfolg, das \u00dcben von Fairness und die Bewusstheit \u00fcber die eigenen Tr\u00e4ume sind entscheidend, damit Erfolg im Sport zum Erfolg im Leben wird.<\/p>\n<h2>Erfolg<\/h2>\n<p>Nat\u00fcrlich! Um was soll es denn sonst gehen? Jeder will ganz oben auf dem Treppchen stehen, und daf\u00fcr wird sich voll eingesetzt. Wer das nicht will, nimmt lieber an einer Spazierfahrt als an einem Rennen teil.<\/p>\n<h2>Fairness und Freundschaft<\/h2>\n<p>Fairness und Freundschaft sind die Gegengewichte zum notwendigen Ehrgeiz. Jeder will nach vorne, aber jeder will auch gesund und mit guten Erinnerungen wieder nach Hause fahren. Am besten mit der Erinnerung, dass dieser Drecksack, dieses elende A&#8230;.., das einen 2 Runden lang nicht vorbeigelassen hat, neben der Strecke ein klasse Kumpel ist.<\/p>\n<h2>Adrenalin<\/h2>\n<p>Deswegen machen wir ja den ganzen Aufwand. Nur um immer wieder dieses Prickeln zu sp\u00fcren &#8230; . Es kann auch mal zu viel des Guten sein &#8211; und wenn es dann gekracht hat, ist das ganze Adrenalin noch im Blut, und man weiss nicht wohin damit.<\/p>\n<p>Kleiner Tipp: 15 Minuten abk\u00fchlen lassen. Erst dann ist ein Rennfahrer \u00fcberhaupt wieder in der Lage, etwas Vern\u00fcnftiges von sich zu geben.<\/p>\n<p><b>Tr\u00e4ume<\/b><\/p>\n<p>Tr\u00e4ume fahren immer mit. Jeder will so werden wie einer von den Gro\u00dfen. Den Sprung in ein Spitzenteam schaffen. In den Formelwagen, bis in die DTM oder die Formel 1 &#8230; .<\/p>\n<p>Jeder tr\u00e4umt davon. Wenn nicht der Fahrer davon tr\u00e4umt, dann die Eltern (meistens der Vater &#8211; manchmal auch die M\u00fctter). Ich auch. Auch dann gilt die alte Regel: Tr\u00e4ume kann man immer nur f\u00fcr sich selber tr\u00e4umen. Kein Mensch geh\u00f6rt dem Anderen. Es geht immer erst um den Menschen, und dann um Erfolg.<\/p>\n<p>Tr\u00e4ume setzen unsere Kreativit\u00e4t frei und motivieren. Sie geben Kraft, wenn gleichzeitig die F\u00fc\u00dfe fest auf dem Boden der Wirklichkeit stehen.<\/p>\n<p>Alle jungen Talente nehmen aus dem Rennsport eine einzigartige Erfahrung mit. Sie lernen, an sich selber zu arbeiten, sich Ziele zu setzen. Sie erlebenTeamgeist, sie erleben, was es hei\u00dft\u00a0 Niederlagen zu verkraften, zu k\u00e4mpfen und zu gewinnen. Daf\u00fcr lohnt es sich allemal.<\/p>\n<p>Einige von ihnen werden in einigen Jahren ganz oben stehen. Auch f\u00fcr sie wird es sich gelohnt haben.<\/p>\n","protected":false},"excerpt":{"rendered":"<p>Philosophie Jetzt kommt die Philosophie des Rennsports. Nein, im Ernst. Hinter allem, was man tut, gibt es etwas, was einen antreibt, was einem wichtig ist und den eigenen Werten entspricht. Ich finde es wichtig, dass Sie als potenzielle Kunden wissen, welche Werte ich im Motorsport mit meiner Arbeit verbinde. Der Umgang mit Erfolg und Misserfolg, &hellip; <a href=\"https:\/\/leistung-ist-kopfsache.biz\/?page_id=54\" class=\"more-link\"><span class=\"screen-reader-text\"><\/span> weiterlesen<\/a><\/p>\n","protected":false},"author":1,"featured_media":0,"parent":0,"menu_order":0,"comment_status":"closed","ping_status":"closed","template":"","meta":[],"_links":{"self":[{"href":"https:\/\/leistung-ist-kopfsache.biz\/index.php?rest_route=\/wp\/v2\/pages\/54"}],"collection":[{"href":"https:\/\/leistung-ist-kopfsache.biz\/index.php?rest_route=\/wp\/v2\/pages"}],"about":[{"href":"https:\/\/leistung-ist-kopfsache.biz\/index.php?rest_route=\/wp\/v2\/types\/page"}],"author":[{"embeddable":true,"href":"https:\/\/leistung-ist-kopfsache.biz\/index.php?rest_route=\/wp\/v2\/users\/1"}],"replies":[{"embeddable":true,"href":"https:\/\/leistung-ist-kopfsache.biz\/index.php?rest_route=%2Fwp%2Fv2%2Fcomments&post=54"}],"version-history":[{"count":1,"href":"https:\/\/leistung-ist-kopfsache.biz\/index.php?rest_route=\/wp\/v2\/pages\/54\/revisions"}],"predecessor-version":[{"id":55,"href":"https:\/\/leistung-ist-kopfsache.biz\/index.php?rest_route=\/wp\/v2\/pages\/54\/revisions\/55"}],"wp:attachment":[{"href":"https:\/\/leistung-ist-kopfsache.biz\/index.php?rest_route=%2Fwp%2Fv2%2Fmedia&parent=54"}],"curies":[{"name":"wp","href":"https:\/\/api.w.org\/{rel}","templated":true}]}}